{"id":77,"date":"2026-02-26T17:12:46","date_gmt":"2026-02-26T17:12:46","guid":{"rendered":"https:\/\/communicare.al\/?page_id=77"},"modified":"2026-03-24T09:18:41","modified_gmt":"2026-03-24T09:18:41","slug":"sherbimet","status":"publish","type":"page","link":"https:\/\/communicare.al\/?page_id=77","title":{"rendered":"Better communication, Better life quality!"},"content":{"rendered":"\n<p><\/p>\n\n\n\n<h1 class=\"wp-block-heading has-text-align-center has-primary-color has-text-color has-link-color has-cardo-font-family has-big-font-size wp-elements-11d9fea4e3dcd6320737a833117f2fb7\"><strong>Better communication, Better life quality!<\/strong><\/h1>\n\n\n\n<p class=\"has-text-align-center has-primary-color has-base-background-color has-text-color has-background has-link-color has-cardo-font-family has-regular-font-size wp-elements-eb78814d6b4f908a1de7136f0601eb57\" style=\"border-width:2px\"><strong>Klinika jon\u00eb ofron nj\u00eb gam\u00eb t\u00eb gjer\u00eb sh\u00ebrbimesh. Sipas nevoj\u00ebs ofrojm\u00eb sh\u00ebrbime fizikisht dhe sh\u00ebrbime n\u00eb distanc\u00eb. \u00e7do sh\u00ebrbim ofrohet n\u00eb gjuh\u00ebn angleze dhe n\u00eb gjuh\u00ebn shqipe. <\/strong><\/p>\n\n\n\n<div class=\"wp-block-columns are-vertically-aligned-top has-border-color has-primary-color has-base-background-color has-text-color has-background has-link-color has-cardo-font-family has-medium-font-size wp-elements-b4e83da36b79440fa46cbc139b2a2b39 is-layout-flex wp-container-core-columns-is-layout-307d2545 wp-block-columns-is-layout-flex\" id=\"sherbime\" style=\"border-color:#16263D;border-style:solid;border-width:2px;margin-top:var(--wp--preset--spacing--40);margin-bottom:var(--wp--preset--spacing--40);padding-top:var(--wp--preset--spacing--60);padding-right:var(--wp--preset--spacing--60);padding-bottom:var(--wp--preset--spacing--60);padding-left:var(--wp--preset--spacing--60)\">\n<div class=\"wp-block-column is-vertically-aligned-top is-layout-flow wp-block-column-is-layout-flow\" style=\"font-style:normal;font-weight:700\">\n<div class=\"wp-block-columns is-layout-flex wp-container-core-columns-is-layout-28f84493 wp-block-columns-is-layout-flex\">\n<div class=\"wp-block-column is-layout-flow wp-block-column-is-layout-flow\">\n<h2 class=\"wp-block-heading has-text-align-center has-cardo-font-family\"><strong>Sh\u00ebrbime fizike<\/strong><\/h2>\n\n\n\n<details class=\"wp-block-details has-border-color has-primary-border-color is-layout-flow wp-block-details-is-layout-flow\" style=\"border-width:2px\" open><summary><strong>Konsulta logopedike<\/strong><\/summary>\n<p style=\"font-style:normal;font-weight:300\">Konsulta logopedike p\u00ebrb\u00ebn hapin e par\u00eb drejt nj\u00eb nd\u00ebrhyrjeje t\u00eb strukturuar dhe efektive. P\u00ebrmes nj\u00eb vler\u00ebsimi t\u00eb thelluar klinik, analizohen aft\u00ebsit\u00eb e komunikimit, t\u00eb folurit, gjuh\u00ebs dhe z\u00ebrit, duke nd\u00ebrtuar nj\u00eb plan nd\u00ebrhyrjeje t\u00eb personalizuar, t\u00eb bazuar n\u00eb evidenc\u00eb shkencore dhe nevojat individuale.<\/p>\n<\/details>\n\n\n\n<details class=\"wp-block-details has-border-color has-primary-border-color is-layout-flow wp-block-details-is-layout-flow\" style=\"border-width:2px\"><summary>Seanca logopedike p\u00ebr f\u00ebmij\u00eb<\/summary>\n<p style=\"font-style:normal;font-weight:300\">Seancat jan\u00eb \u201cqelizat nd\u00ebrtuese\u201d t\u00eb nd\u00ebrhyrjes logopedike, tek t\u00eb cilat ofrojm\u00eb nd\u00ebrhyrje t\u00eb specializuar p\u00ebr cdo v\u00ebshtir\u00ebsi t\u00eb gjuh\u00eb dhe t\u00eb t\u00eb folurit. \u00c7do program terapie nd\u00ebrtohet n\u00eb m\u00ebnyr\u00eb individuale, duke iu p\u00ebrshtatur profilit zhvillimor dhe potencialit unik t\u00eb f\u00ebmij\u00ebs.<\/p>\n<\/details>\n\n\n\n<details class=\"wp-block-details has-border-color has-primary-border-color is-layout-flow wp-block-details-is-layout-flow\" style=\"border-width:2px\"><summary>Seanca logopedike p\u00ebr adult\u00eb<\/summary>\n<p style=\"font-style:normal;font-weight:300\">E dedikuar p\u00ebr individ\u00eb q\u00eb p\u00ebrballen me v\u00ebshtir\u00ebsi n\u00eb komunikim. Qasja \u00ebsht\u00eb funksionale dhe e orientuar drejt rezultateve konkrete, me fokus n\u00eb p\u00ebrmir\u00ebsimin e cil\u00ebsis\u00eb s\u00eb komunikimit dhe nd\u00ebrveprimit social, n\u00eb var\u00ebsi t\u00eb problematik\u00ebs.<\/p>\n<\/details>\n\n\n\n<details class=\"wp-block-details has-border-color has-primary-border-color is-layout-flow wp-block-details-is-layout-flow\" style=\"border-width:2px\"><summary>Seanc\u00eb terapie logopedike p\u00ebr f\u00ebmij\u00eb n\u00eb grup<\/summary>\n<p style=\"font-style:normal;font-weight:300\">Nj\u00eb format terapeutik i strukturuar q\u00eb nxit zhvillimin e komunikimit social, bashk\u00ebpunimit dhe vet\u00ebbesimit. Dinamika e grupit krijon nj\u00eb ambient t\u00eb sigurt p\u00ebr praktik\u00eb funksionale dhe p\u00ebrforcim t\u00eb aft\u00ebsive n\u00eb situata reale.<\/p>\n<\/details>\n\n\n\n<details class=\"wp-block-details has-border-color has-primary-border-color is-layout-flow wp-block-details-is-layout-flow\" style=\"border-width:2px\"><summary>Terapia e muzik\u00ebs<\/summary>\n<p style=\"font-style:normal;font-weight:300\">Terapia e muzik\u00ebs \u00ebsht\u00eb nj\u00eb qasje e cila p\u00ebrdor teknika t\u00eb bazuara n\u00eb evidenca,q\u00eb integron ritmin, melodin\u00eb dhe element\u00ebt muzikore si mjete terapeutike p\u00ebr t\u00eb stimuluar komunikimin, p\u00ebrqendrimin dhe nj\u00eb s\u00ebr\u00eb aft\u00ebsish t\u00eb tjera tek f\u00ebmij\u00ebt.<\/p>\n<\/details>\n\n\n\n<details class=\"wp-block-details has-border-color has-primary-border-color is-layout-flow wp-block-details-is-layout-flow\" style=\"border-width:2px\"><summary>Vler\u00ebsim psikologjik<\/summary>\n<p style=\"font-style:normal;font-weight:300\">Vler\u00ebsim nga psikologe e licensuar me eksperience 25 vjecare, pjes\u00eb e ekipit ton\u00eb, p\u00ebr t\u00eb vler\u00ebsuar dhe ofruar mb\u00ebshtetjen e duhur profesionale ndaj nevojave psiko emocionale.<\/p>\n<\/details>\n\n\n\n<details class=\"wp-block-details has-border-color has-primary-border-color is-layout-flow wp-container-core-details-is-layout-8a368f38 wp-block-details-is-layout-flow\" style=\"border-width:2px\"><summary>Trajnime profesionale<\/summary>\n<p style=\"font-style:normal;font-weight:300\">Trajnime t\u00eb avancuara profesionale p\u00ebr prind\u00ebr, edukator\u00eb dhe profesionist\u00eb, t\u00eb bazuara n\u00eb evidenc\u00eb shkencore dhe praktik\u00eb klinike. Fokusohen n\u00eb thellimin e njohurive dhe aplikimin praktik n\u00eb fush\u00ebn e komunikimit dhe zhvillimit.<\/p>\n<\/details>\n<\/div>\n<\/div>\n<\/div>\n\n\n\n<div class=\"wp-block-column is-vertically-aligned-top is-layout-flow wp-block-column-is-layout-flow\" style=\"font-style:normal;font-weight:700\">\n<h2 class=\"wp-block-heading has-text-align-center has-cardo-font-family\" style=\"border-top-left-radius:0px;border-top-right-radius:0px;border-bottom-left-radius:0px;border-bottom-right-radius:0px\"><strong>Sh\u00ebrbime online<\/strong><\/h2>\n\n\n\n<details class=\"wp-block-details has-border-color has-primary-border-color is-layout-flow wp-block-details-is-layout-flow\" style=\"border-width:2px\"><summary>Konsulta logopedike online<\/summary>\n<p style=\"font-style:normal;font-weight:300\">Konsulta logopedike p\u00ebrb\u00ebn hapin e par\u00eb drejt nj\u00eb nd\u00ebrhyrjeje t\u00eb strukturuar dhe efektive. P\u00ebrmes nj\u00eb vler\u00ebsimi t\u00eb thelluar klinik, analizohen aft\u00ebsit\u00eb e komunikimit, t\u00eb folurit, gjuh\u00ebs dhe z\u00ebrit, duke nd\u00ebrtuar nj\u00eb plan nd\u00ebrhyrjeje t\u00eb personalizuar, t\u00eb bazuar n\u00eb evidenc\u00eb shkencore dhe nevojat individuale. Ky sh\u00ebrbim ofrohet dhe online<\/p>\n<\/details>\n\n\n\n<details class=\"wp-block-details has-border-color has-primary-border-color is-layout-flow wp-block-details-is-layout-flow\" style=\"border-width:2px\"><summary> Seanca logopedike online p\u00ebr f\u00ebmij\u00eb dhe adult\u00eb<\/summary>\n<p style=\"font-style:normal;font-weight:300\">Seancat logopedike mund t\u00eb ofrohen dhe online sipas vler\u00ebsimit p\u00ebrkat\u00ebs, si p\u00ebr f\u00ebmij\u00eb ashtu dhe p\u00ebr adult\u00eb.<\/p>\n<\/details>\n\n\n\n<details class=\"wp-block-details has-border-color has-primary-border-color is-layout-flow wp-block-details-is-layout-flow\" style=\"border-width:2px\"><summary>Trajnime profesionale<\/summary>\n<p style=\"font-style:normal;font-weight:300\">Trajnime t\u00eb avancuara profesionale p\u00ebr prind\u00ebr, edukator\u00eb dhe profesionist\u00eb, t\u00eb bazuara n\u00eb evidenc\u00eb shkencore dhe praktik\u00eb klinike. Fokusohen n\u00eb thellimin e njohurive dhe aplikimin praktik n\u00eb fush\u00ebn e komunikimit dhe zhvillimit.<\/p>\n<\/details>\n<\/div>\n<\/div>\n\n\n\n<p><\/p>\n\n\n\n<div id=\"empower\" class=\"wp-block-group has-border-color has-primary-border-color has-primary-color has-base-background-color has-text-color has-background has-link-color has-cardo-font-family has-medium-font-size wp-elements-7435b0e36ea6a120839856f2e00ae789 has-global-padding is-layout-constrained wp-container-core-group-is-layout-ff778368 wp-block-group-is-layout-constrained\" style=\"border-width:2px;border-top-left-radius:0px;border-top-right-radius:0px;border-bottom-left-radius:0px;border-bottom-right-radius:0px;padding-right:var(--wp--preset--spacing--30);padding-left:var(--wp--preset--spacing--30);font-style:normal;font-weight:700\">\n<h3 class=\"wp-block-heading has-text-align-center has-cardo-font-family\" id=\"empower\">EMPOWER &#8211; Program mentorimi mujor p\u00ebr prind\u00ebr<\/h3>\n\n\n\n<p class=\"has-text-align-center has-body-text-font-size\">EMPOWER \u00ebsht\u00eb nj\u00eb program mentorimi i strukturuar mujor dhe n\u00eb distanc\u00eb (online), i dedikuar p\u00ebr prind\u00ebr q\u00eb d\u00ebshirojn\u00eb t\u00eb kuptojn\u00eb m\u00eb thell\u00eb zhvillimin e f\u00ebmij\u00ebs s\u00eb tyre dhe t\u00eb p\u00ebrfshihen n\u00eb m\u00ebnyr\u00eb aktive n\u00eb procesin terapeutik. Programi ofron udh\u00ebzim profesional, strategji praktike dhe mb\u00ebshtetje t\u00eb vazhdueshme, duke fuqizuar prind\u00ebrit si partner\u00eb ky\u00e7 n\u00eb zhvillimin e komunikimit dhe mir\u00ebqenies s\u00eb f\u00ebmij\u00ebs. M\u00eb posht\u00eb do t\u00eb gjeni informacion p\u00ebr dy paketat q\u00eb ofrojm\u00eb, Empower Basic dhe Empower Plus.<\/p>\n\n\n\n<p class=\"has-text-align-center\"><strong>EMPOWER BASIC<\/strong><\/p>\n\n\n\n<div class=\"wp-block-group is-vertical is-content-justification-left is-layout-flex wp-container-core-group-is-layout-dd225191 wp-block-group-is-layout-flex\">\n<p style=\"font-style:normal;font-weight:300\"><em>P\u00ebrfshin:<\/em><\/p>\n\n\n\n<p style=\"padding-right:var(--wp--preset--spacing--60);padding-left:var(--wp--preset--spacing--60);font-style:normal;font-weight:300\">* 3 sesione online 1:1 n\u00eb muaj (60-minut\u00ebshe)<\/p>\n\n\n\n<p style=\"padding-right:var(--wp--preset--spacing--60);padding-left:var(--wp--preset--spacing--60);font-style:normal;font-weight:300\">* Material i personalizuar me udh\u00ebzime, strategji konkrete dhe plan pune p\u00ebr t\u2019u zbatuar n\u00eb sht\u00ebpi<\/p>\n\n\n\n<p style=\"padding-right:var(--wp--preset--spacing--60);padding-left:var(--wp--preset--spacing--60);font-style:normal;font-weight:300\">* Aktivitetet ditore t\u00eb p\u00ebrshtatura sipas nivelit t\u00eb f\u00ebmij\u00ebs<\/p>\n<\/div>\n\n\n\n<p class=\"has-text-align-center\"><strong>EMPOWER PLUS<\/strong><\/p>\n\n\n\n<p style=\"font-style:normal;font-weight:200\"><em>P\u00ebrfshin:<\/em><\/p>\n\n\n\n<p style=\"padding-right:var(--wp--preset--spacing--60);padding-left:var(--wp--preset--spacing--60);font-style:normal;font-weight:200\">* 4 sesione online 1:1 n\u00eb muaj (60-minut\u00ebshe)<\/p>\n\n\n\n<p style=\"padding-right:var(--wp--preset--spacing--60);padding-left:var(--wp--preset--spacing--60);font-style:normal;font-weight:200\">* Komunikim i vazhduesh\u00ebm n\u00eb WhatsApp p\u00ebr pyetje, video, feedback dhe ndjekje progresi<\/p>\n\n\n\n<p style=\"padding-right:var(--wp--preset--spacing--60);padding-left:var(--wp--preset--spacing--60);font-style:normal;font-weight:200\">* Material i personalizuar me strategji konkrete + plan pune t\u00eb detajuar<\/p>\n\n\n\n<p style=\"padding-right:var(--wp--preset--spacing--60);padding-left:var(--wp--preset--spacing--60);font-style:normal;font-weight:200\">* Monitorim javor t\u00eb progresit + sugjerime p\u00ebr p\u00ebrmir\u00ebsim<\/p>\n<\/div>\n\n\n\n<p><\/p>\n","protected":false},"excerpt":{"rendered":"<p>Better communication, Better life quality! Klinika jon\u00eb ofron nj\u00eb gam\u00eb t\u00eb gjer\u00eb sh\u00ebrbimesh. Sipas nevoj\u00ebs ofrojm\u00eb sh\u00ebrbime fizikisht dhe sh\u00ebrbime n\u00eb distanc\u00eb. \u00e7do sh\u00ebrbim ofrohet n\u00eb gjuh\u00ebn angleze dhe n\u00eb gjuh\u00ebn shqipe. Sh\u00ebrbime fizike Sh\u00ebrbime online EMPOWER &#8211; Program mentorimi mujor p\u00ebr prind\u00ebr EMPOWER \u00ebsht\u00eb nj\u00eb program mentorimi i strukturuar mujor dhe n\u00eb distanc\u00eb (online), [&hellip;]<\/p>\n","protected":false},"author":1,"featured_media":67,"parent":0,"menu_order":0,"comment_status":"closed","ping_status":"closed","template":"","meta":{"footnotes":""},"class_list":["post-77","page","type-page","status-publish","has-post-thumbnail","hentry"],"yoast_head":"<!-- This site is optimized with the Yoast SEO plugin v27.5 - https:\/\/yoast.com\/product\/yoast-seo-wordpress\/ -->\n<title>Better communication, Better life quality! - Klinika Logopedike CommmuniCare<\/title>\n<meta name=\"robots\" content=\"index, follow, max-snippet:-1, max-image-preview:large, max-video-preview:-1\" \/>\n<link rel=\"canonical\" href=\"https:\/\/communicare.al\/?page_id=77\" \/>\n<meta property=\"og:locale\" content=\"en_US\" \/>\n<meta property=\"og:type\" content=\"article\" \/>\n<meta property=\"og:title\" content=\"Better communication, Better life quality! - Klinika Logopedike CommmuniCare\" \/>\n<meta property=\"og:description\" content=\"Better communication, Better life quality! Klinika jon\u00eb ofron nj\u00eb gam\u00eb t\u00eb gjer\u00eb sh\u00ebrbimesh. Sipas nevoj\u00ebs ofrojm\u00eb sh\u00ebrbime fizikisht dhe sh\u00ebrbime n\u00eb distanc\u00eb. \u00e7do sh\u00ebrbim ofrohet n\u00eb gjuh\u00ebn angleze dhe n\u00eb gjuh\u00ebn shqipe. Sh\u00ebrbime fizike Sh\u00ebrbime online EMPOWER &#8211; Program mentorimi mujor p\u00ebr prind\u00ebr EMPOWER \u00ebsht\u00eb nj\u00eb program mentorimi i strukturuar mujor dhe n\u00eb distanc\u00eb (online), [&hellip;]\" \/>\n<meta property=\"og:url\" content=\"https:\/\/communicare.al\/?page_id=77\" \/>\n<meta property=\"og:site_name\" content=\"Klinika Logopedike CommmuniCare\" \/>\n<meta property=\"article:modified_time\" content=\"2026-03-24T09:18:41+00:00\" \/>\n<meta property=\"og:image\" content=\"https:\/\/communicare.al\/wp-content\/uploads\/2026\/02\/CommuniCare_Logo-horizontal-edited.png\" \/>\n\t<meta property=\"og:image:width\" content=\"1081\" \/>\n\t<meta property=\"og:image:height\" content=\"721\" \/>\n\t<meta property=\"og:image:type\" content=\"image\/png\" \/>\n<meta name=\"twitter:card\" content=\"summary_large_image\" \/>\n<meta name=\"twitter:label1\" content=\"Est. reading time\" \/>\n\t<meta name=\"twitter:data1\" content=\"3 minutes\" \/>\n<script type=\"application\/ld+json\" class=\"yoast-schema-graph\">{\"@context\":\"https:\\\/\\\/schema.org\",\"@graph\":[{\"@type\":\"WebPage\",\"@id\":\"https:\\\/\\\/communicare.al\\\/?page_id=77\",\"url\":\"https:\\\/\\\/communicare.al\\\/?page_id=77\",\"name\":\"Better communication, Better life quality! - Klinika Logopedike CommmuniCare\",\"isPartOf\":{\"@id\":\"https:\\\/\\\/communicare.al\\\/#website\"},\"primaryImageOfPage\":{\"@id\":\"https:\\\/\\\/communicare.al\\\/?page_id=77#primaryimage\"},\"image\":{\"@id\":\"https:\\\/\\\/communicare.al\\\/?page_id=77#primaryimage\"},\"thumbnailUrl\":\"https:\\\/\\\/communicare.al\\\/wp-content\\\/uploads\\\/2026\\\/02\\\/CommuniCare_Logo-horizontal-edited.png\",\"datePublished\":\"2026-02-26T17:12:46+00:00\",\"dateModified\":\"2026-03-24T09:18:41+00:00\",\"breadcrumb\":{\"@id\":\"https:\\\/\\\/communicare.al\\\/?page_id=77#breadcrumb\"},\"inLanguage\":\"en-US\",\"potentialAction\":[{\"@type\":\"ReadAction\",\"target\":[\"https:\\\/\\\/communicare.al\\\/?page_id=77\"]}]},{\"@type\":\"ImageObject\",\"inLanguage\":\"en-US\",\"@id\":\"https:\\\/\\\/communicare.al\\\/?page_id=77#primaryimage\",\"url\":\"https:\\\/\\\/communicare.al\\\/wp-content\\\/uploads\\\/2026\\\/02\\\/CommuniCare_Logo-horizontal-edited.png\",\"contentUrl\":\"https:\\\/\\\/communicare.al\\\/wp-content\\\/uploads\\\/2026\\\/02\\\/CommuniCare_Logo-horizontal-edited.png\",\"width\":1081,\"height\":721},{\"@type\":\"BreadcrumbList\",\"@id\":\"https:\\\/\\\/communicare.al\\\/?page_id=77#breadcrumb\",\"itemListElement\":[{\"@type\":\"ListItem\",\"position\":1,\"name\":\"Home\",\"item\":\"https:\\\/\\\/communicare.al\\\/\"},{\"@type\":\"ListItem\",\"position\":2,\"name\":\"Better communication, Better life quality!\"}]},{\"@type\":\"WebSite\",\"@id\":\"https:\\\/\\\/communicare.al\\\/#website\",\"url\":\"https:\\\/\\\/communicare.al\\\/\",\"name\":\"Klinika Logopedike CommmuniCare\",\"description\":\"Speech therapy Clinic\",\"publisher\":{\"@id\":\"https:\\\/\\\/communicare.al\\\/#organization\"},\"potentialAction\":[{\"@type\":\"SearchAction\",\"target\":{\"@type\":\"EntryPoint\",\"urlTemplate\":\"https:\\\/\\\/communicare.al\\\/?s={search_term_string}\"},\"query-input\":{\"@type\":\"PropertyValueSpecification\",\"valueRequired\":true,\"valueName\":\"search_term_string\"}}],\"inLanguage\":\"en-US\"},{\"@type\":\"Organization\",\"@id\":\"https:\\\/\\\/communicare.al\\\/#organization\",\"name\":\"Klinika Logopedike CommmuniCare\",\"url\":\"https:\\\/\\\/communicare.al\\\/\",\"logo\":{\"@type\":\"ImageObject\",\"inLanguage\":\"en-US\",\"@id\":\"https:\\\/\\\/communicare.al\\\/#\\\/schema\\\/logo\\\/image\\\/\",\"url\":\"https:\\\/\\\/communicare.al\\\/wp-content\\\/uploads\\\/2026\\\/02\\\/CommuniCare_Logo-horizontal-edited.png\",\"contentUrl\":\"https:\\\/\\\/communicare.al\\\/wp-content\\\/uploads\\\/2026\\\/02\\\/CommuniCare_Logo-horizontal-edited.png\",\"width\":1081,\"height\":721,\"caption\":\"Klinika Logopedike    CommmuniCare\"},\"image\":{\"@id\":\"https:\\\/\\\/communicare.al\\\/#\\\/schema\\\/logo\\\/image\\\/\"}}]}<\/script>\n<!-- \/ Yoast SEO plugin. -->","yoast_head_json":{"title":"Better communication, Better life quality! - Klinika Logopedike CommmuniCare","robots":{"index":"index","follow":"follow","max-snippet":"max-snippet:-1","max-image-preview":"max-image-preview:large","max-video-preview":"max-video-preview:-1"},"canonical":"https:\/\/communicare.al\/?page_id=77","og_locale":"en_US","og_type":"article","og_title":"Better communication, Better life quality! - Klinika Logopedike CommmuniCare","og_description":"Better communication, Better life quality! Klinika jon\u00eb ofron nj\u00eb gam\u00eb t\u00eb gjer\u00eb sh\u00ebrbimesh. Sipas nevoj\u00ebs ofrojm\u00eb sh\u00ebrbime fizikisht dhe sh\u00ebrbime n\u00eb distanc\u00eb. \u00e7do sh\u00ebrbim ofrohet n\u00eb gjuh\u00ebn angleze dhe n\u00eb gjuh\u00ebn shqipe. Sh\u00ebrbime fizike Sh\u00ebrbime online EMPOWER &#8211; Program mentorimi mujor p\u00ebr prind\u00ebr EMPOWER \u00ebsht\u00eb nj\u00eb program mentorimi i strukturuar mujor dhe n\u00eb distanc\u00eb (online), [&hellip;]","og_url":"https:\/\/communicare.al\/?page_id=77","og_site_name":"Klinika Logopedike CommmuniCare","article_modified_time":"2026-03-24T09:18:41+00:00","og_image":[{"width":1081,"height":721,"url":"https:\/\/communicare.al\/wp-content\/uploads\/2026\/02\/CommuniCare_Logo-horizontal-edited.png","type":"image\/png"}],"twitter_card":"summary_large_image","twitter_misc":{"Est. reading time":"3 minutes"},"schema":{"@context":"https:\/\/schema.org","@graph":[{"@type":"WebPage","@id":"https:\/\/communicare.al\/?page_id=77","url":"https:\/\/communicare.al\/?page_id=77","name":"Better communication, Better life quality! - Klinika Logopedike CommmuniCare","isPartOf":{"@id":"https:\/\/communicare.al\/#website"},"primaryImageOfPage":{"@id":"https:\/\/communicare.al\/?page_id=77#primaryimage"},"image":{"@id":"https:\/\/communicare.al\/?page_id=77#primaryimage"},"thumbnailUrl":"https:\/\/communicare.al\/wp-content\/uploads\/2026\/02\/CommuniCare_Logo-horizontal-edited.png","datePublished":"2026-02-26T17:12:46+00:00","dateModified":"2026-03-24T09:18:41+00:00","breadcrumb":{"@id":"https:\/\/communicare.al\/?page_id=77#breadcrumb"},"inLanguage":"en-US","potentialAction":[{"@type":"ReadAction","target":["https:\/\/communicare.al\/?page_id=77"]}]},{"@type":"ImageObject","inLanguage":"en-US","@id":"https:\/\/communicare.al\/?page_id=77#primaryimage","url":"https:\/\/communicare.al\/wp-content\/uploads\/2026\/02\/CommuniCare_Logo-horizontal-edited.png","contentUrl":"https:\/\/communicare.al\/wp-content\/uploads\/2026\/02\/CommuniCare_Logo-horizontal-edited.png","width":1081,"height":721},{"@type":"BreadcrumbList","@id":"https:\/\/communicare.al\/?page_id=77#breadcrumb","itemListElement":[{"@type":"ListItem","position":1,"name":"Home","item":"https:\/\/communicare.al\/"},{"@type":"ListItem","position":2,"name":"Better communication, Better life quality!"}]},{"@type":"WebSite","@id":"https:\/\/communicare.al\/#website","url":"https:\/\/communicare.al\/","name":"Klinika Logopedike CommmuniCare","description":"Speech therapy Clinic","publisher":{"@id":"https:\/\/communicare.al\/#organization"},"potentialAction":[{"@type":"SearchAction","target":{"@type":"EntryPoint","urlTemplate":"https:\/\/communicare.al\/?s={search_term_string}"},"query-input":{"@type":"PropertyValueSpecification","valueRequired":true,"valueName":"search_term_string"}}],"inLanguage":"en-US"},{"@type":"Organization","@id":"https:\/\/communicare.al\/#organization","name":"Klinika Logopedike CommmuniCare","url":"https:\/\/communicare.al\/","logo":{"@type":"ImageObject","inLanguage":"en-US","@id":"https:\/\/communicare.al\/#\/schema\/logo\/image\/","url":"https:\/\/communicare.al\/wp-content\/uploads\/2026\/02\/CommuniCare_Logo-horizontal-edited.png","contentUrl":"https:\/\/communicare.al\/wp-content\/uploads\/2026\/02\/CommuniCare_Logo-horizontal-edited.png","width":1081,"height":721,"caption":"Klinika Logopedike    CommmuniCare"},"image":{"@id":"https:\/\/communicare.al\/#\/schema\/logo\/image\/"}}]}},"_links":{"self":[{"href":"https:\/\/communicare.al\/index.php?rest_route=\/wp\/v2\/pages\/77","targetHints":{"allow":["GET"]}}],"collection":[{"href":"https:\/\/communicare.al\/index.php?rest_route=\/wp\/v2\/pages"}],"about":[{"href":"https:\/\/communicare.al\/index.php?rest_route=\/wp\/v2\/types\/page"}],"author":[{"embeddable":true,"href":"https:\/\/communicare.al\/index.php?rest_route=\/wp\/v2\/users\/1"}],"replies":[{"embeddable":true,"href":"https:\/\/communicare.al\/index.php?rest_route=%2Fwp%2Fv2%2Fcomments&post=77"}],"version-history":[{"count":5,"href":"https:\/\/communicare.al\/index.php?rest_route=\/wp\/v2\/pages\/77\/revisions"}],"predecessor-version":[{"id":560,"href":"https:\/\/communicare.al\/index.php?rest_route=\/wp\/v2\/pages\/77\/revisions\/560"}],"wp:featuredmedia":[{"embeddable":true,"href":"https:\/\/communicare.al\/index.php?rest_route=\/wp\/v2\/media\/67"}],"wp:attachment":[{"href":"https:\/\/communicare.al\/index.php?rest_route=%2Fwp%2Fv2%2Fmedia&parent=77"}],"curies":[{"name":"wp","href":"https:\/\/api.w.org\/{rel}","templated":true}]}}